et z = d + 20. Calculate the remainder when 26 is divided by -3*(-6)/(-9) - z.
12
Let r = 34 - 23. Calculate the remainder when 52 is divided by r.
8
Let t = 18 - 9. Let z(u) = 6*u**2 - 2*u - 1. What is the remainder when (-9)/((-5)/(60/t)) is divided by z(-1)?
5
Let f(b) = -b**2 + 42. What is the remainder when f(0) is divided by 9?
6
Let q = 1 + 2. Let m = 2 - q. What is the remainder when 6 is divided by 2 + m + (-6)/(-2)?
2
Let y = -432 + -424. Let x = y - -384. What is the remainder when 2/7 - x/14 is divided by 12?
10
Let d(i) = -i**2 - 5*i + 5. Let a be d(-5). Suppose 0 = 3*p - a*h - 2, -p - 8 = -5*h + 8. Let u = 6 - 1. What is the remainder when p is divided by u?
4
Let y be ((-60)/8)/((-2)/8). Suppose 3*m + o - y - 168 = 0, 3 = o. What is the remainder when m is divided by 22?
21
Let u(b) = b**2 + 8*b + 1. Let j(g) = -18*g**3 + g**2 - g - 1. Calculate the remainder when j(-1) is divided by u(-9).
9
Let r = 4 - 12. Let g(y) = y**2 + 8*y + 3. Calculate the remainder when (-1)/5 - (-234)/45 is divided by g(r).
2
Suppose 0 = 4*v - 6*v + 44. Suppose -t = t - 84. Calculate the remainder when t is divided by v.
20
What is the remainder when 58 is divided by -1 - -1 - 30/(-2)?
13
What is the remainder when 31 is divided by 9 + (13/(-13) - (-1 + 1))?
7
What is the remainder when 25 + (-9)/((-9)/3) is divided by 15?
13
Calculate the remainder when ((-6)/(-20)*-4)/(6/(-160)) is divided by 12.
8
Let g be ((-12)/(-18))/((-2)/12). Let r be (12/(-4))/((-2)/g). What is the remainder when 14 is divided by ((-10)/3)/(4/r)?
4
Suppose 37 = 3*k - 2*k. What is the remainder when k is divided by 13?
11
Suppose 9*a + 0*a = 117. Calculate the remainder when 20 is divided by a.
7
Let p = 149 - 147. What is the remainder when 3 is divided by p?
1
What is the remainder when 44 is divided by ((-105)/(-25) + -5)*-20?
12
Let n be (-100)/15*(-3)/(-2). Let j be 2/5 + (-2566)/n. Suppose 10*o + 118 = 2*l + 5*o, -3*o = -5*l + j. Calculate the remainder when l is divided by 17.
15
Let p = 101 + 0. What is the remainder when p is divided by 34?
33
Let m = -3 - -56. What is the remainder when m is divided by 27?
26
Let y(k) = k**3 - 15*k**2 + 24*k + 34. What is the remainder when y(13) is divided by 3*((-2)/(-3))/1?
0
Suppose -3*p = -p - 4. Suppose -3*w - 10 = -p*u - 3*u, 5*w - 2*u + 4 = 0. Suppose 2*g + 0*g - 76 = w. Calculate the remainder when g is divided by 13.
12
Suppose 8*c - 1632 = 88. What is the remainder when c is divided by 31?
29
Suppose 3*u + 61 = 3*o - 11, -4*u = 2*o - 36. What is the remainder when 81 is divided by o?
15
Let y = -86 - -171. Calculate the remainder when y is divided by 22.
19
Let i(s) = s**3 + 4*s**2 - 9*s - 1. Calculate the remainder when 52 is divided by i(-5).
14
Let z(a) = -5*a**3 - a**2 - 2*a - 1. Let s be z(-1). Suppose 114 - 9 = s*o. Calculate the remainder when o is divided by 8.
5
Suppose 0 = 2*a - 38 + 2. What is the remainder when 51 is divided by a?
15
Let o be ((-93)/2)/(1/(-2)). Let p = -61 + o. Suppose -3*z + 42 = 3*u, 2*u - 3 = 4*z + 7. Calculate the remainder when p is divided by u.
10
Let d(u) = -u**2 + 21. What is the remainder when d(0) is divided by 12?
9
Suppose -3*v = -v - 10. Suppose 3*k - 12 = -3*q, 8 = -q + 5*k - 0. Calculate the remainder when v is divided by q.
1
Let z = -73 + 109. Let g = z + 5. What is the remainder when g is divided by ((-3)/6)/((-2)/56)?
13
Suppose 2*j - s - 34 = 1, -4*j = s - 73. What is the remainder when 35 is divided by j?
17
Suppose 0 = -4*y - 20, 429 + 209 = 4*k + 2*y. What is the remainder when k is divided by 41?
39
Let c be (6 - 9) + (1 - 0). Calculate the remainder when 9 is divided by 104/24 + c/(-3).
4
Let g = 39 + 11. Calculate the remainder when g is divided by 30.
20
Let t = -10 + 12. Calculate the remainder when (t/(-4))/(11/(-814)) is divided by 19.
18
Let h = -172 - -331. Let m = -111 + h. What is the remainder when m is divided by 17?
14
Let a be (12/(-7))/(4/(-14)). What is the remainder when (a/9)/(1/57) is divided by 10?
8
Let y = -10 + 21. Let a = 11 - 7. Suppose -k = -35 + a. What is the remainder when k is divided by y?
9
Let v = 31 + 2. What is the remainder when v is divided by 9?
6
Suppose 4*z - 8*z = 8. Let w = 2 + z. Let r = w + 10. What is the remainder when 19 is divided by r?
9
Let r = -60 + 86. Calculate the remainder when 76 is divided by r.
24
Suppose -3*p - 2*d = -d - 32, 4*p = -5*d + 61. Suppose 3*i = -1 + 22. Calculate the remainder when p - (-3)/1 - 0 is divided by i.
5
Suppose 2*a - 11 = a. Let z = -2 - -5. What is the remainder when a is divided by z?
2
Let l(s) = s**3 + 2*s**2 - 9*s - 9. Suppose -14 = -2*u - 2. Calculate the remainder when l(-3) is divided by u.
3
Suppose 0*d = -2*d + 28. Suppose -4*f = -d - 30. What is the remainder when 21 is divided by f?
10
Let x = 15 - 9. Calculate the remainder when (16 - 4)*20/x is divided by (28/6)/(2/6).
12
Let j be (-16)/(0 - (-4)/8). Let p = -1 - j. What is the remainder when p is divided by 11?
9
Let i(t) = -2*t - 2. Suppose -v + 8 = v. What is the remainder when i(-4) is divided by v?
2
Suppose -b = -2*b + 4*f - 18, 5*f = -b. Let m = 17 + b. Let u(j) = -j**2 + 5*j. Calculate the remainder when m is divided by u(4).
3
Let g(j) = 5*j - 7. What is the remainder when 48 is divided by g(4)?
9
Let w = 4 - -18. What is the remainder when w is divided by 6?
4
Let f = 1 + 2. Suppose 2*a + 55 = f*a. Suppose -14 = 2*o - 52. What is the remainder when a is divided by o?
17
Let u(y) = -2*y + 3. Let c be u(5). Calculate the remainder when 26 is divided by c/((-3)/(-3) + -2).
5
Calculate the remainder when (-1170)/(-15) + 1 + 2 is divided by 29*1 - (-4)/(-4).
25
Suppose -5 - 15 = -2*n. Calculate the remainder when n is divided by 3.
1
Let i(u) = 16*u + 3. Calculate the remainder when i(2) is divided by 12.
11
Let o be (-8)/12 + (-2)/(-3). Suppose o = -z + 2*z - 4. Suppose l - 5*r = -0*r + 2, 83 = z*l + 5*r. Calculate the remainder when l is divided by 6.
5
Let d be 2/(-4) - (-243)/6. Suppose 0 = -3*f + d - 13. What is the remainder when 25 is divided by f?
7
Let i(w) = -18 + 3 - 6*w + 2 - 10. What is the remainder when i(-10) is divided by 14?
9
Suppose -14 + 60 = 3*b - 2*x, -b + 27 = -3*x. What is the remainder when 22 is divided by b?
10
Let v(i) = i**2 - 22*i - 35. What is the remainder when v(25) is divided by 6?
4
Let p(m) = -m + 4. Let w be 3/18 - 181/6. Let g = w + 42. What is the remainder when g is divided by p(-3)?
5
Let b be (-3)/(-4)*(-32)/(-12). Suppose -d = -b*m + 50, m = -0*d + 3*d + 35. Calculate the remainder when m is divided by 6.
5
Let f be (0 + -1)*(-3 - 1). Let t = f - 7. What is the remainder when 14 is divided by 2/t - (-17)/3?
4
Suppose 0 = 2*g + 2*g - 44. Let a(d) = 7*d**3 + 2*d**2 - 1. Let x be a(-1). Calculate the remainder when g is divided by x/9 + 20/3.
5
Suppose -3*y - 1 = -3*k + 2*k, -4*y + 8 = 0. Let u(n) = 2 + 20*n**2 + n - 2. Calculate the remainder when u(-1) is divided by k.
5
Suppose -75 = -3*b + 3*x, 0 = -5*b - 3*x + 145 - 20. What is the remainder when 98 is divided by b?
23
Suppose 3*m + m - 24 = 0. Suppose 3 = -3*t, t = -2*u + 7 + 12. Suppose 4*j + 5*d + u - 49 = 0, -d = -4*j + 69. What is the remainder when j is divided by m?
4
Suppose -2*a = 3*q - 21, 5*q = q + 4*a + 8. Let h(u) = 30 + 0*u**3 + 2*u - 6*u**2 - 26 + u**3 + u**2. Calculate the remainder when h(q) is divided by 8.
6
Let l(r) = r + 22. Calculate the remainder when 415 is divided by l(16).
35
Let c = -17 + 36. Calculate the remainder when c is divided by 5.
4
Suppose -4*s = -95 + 3. Suppose 4*f = 12, f = 3*i - i + 57. Let v = -15 - i. Calculate the remainder when s is divided by v.
11
What is the remainder when 570/14 - (-6)/21 is divided by 21?
20
Suppose -5*g + 64 = 3*s, -3*g + 3*s + 28 = -20. What is the remainder when 48 is divided by g?
6
Suppose -x = -3*b - 5*x - 8, x = 2*b - 13. Calculate the remainder when 19 is divided by b.
3
Let l be -1*(-2 - -2)/2. Suppose l = c - 3*c + 22. Calculate the remainder when 30 is divided by c.
8
Suppose 2*s + k - 20 = 3*k, -8 = -2*s - k. Let r(m) = m**3 - 7*m**2 + 5*m + 2. Let w be r(6). Calculate the remainder when s is divided by 3/1 + (w - -5).
2
Suppose -4*s = -3*w - 9 - 0, -w = s - 4. Suppose 4*j = s*j - 2. What is the remainder when 6 is divided by (8/10)/(j/(-10)